	{"id":1649,"date":"2020-07-09T09:56:44","date_gmt":"2020-07-09T07:56:44","guid":{"rendered":"https:\/\/laleaua.nl\/cmcc\/?page_id=1649"},"modified":"2026-04-23T13:14:08","modified_gmt":"2026-04-23T11:14:08","slug":"medische-hulpverlening","status":"publish","type":"page","link":"https:\/\/laleaua.nl\/cmccr\/medische-hulpverlening\/","title":{"rendered":"Asisten\u021ba medical\u0103"},"content":{"rendered":"\t\t<div data-elementor-type=\"wp-page\" data-elementor-id=\"1649\" class=\"elementor elementor-1649\">\n\t\t\t\t\t\t<section class=\"elementor-section elementor-top-section elementor-element elementor-element-00d1d76 elementor-section-boxed elementor-section-height-default elementor-section-height-default\" data-id=\"00d1d76\" data-element_type=\"section\" data-e-type=\"section\">\n\t\t\t\t\t\t<div class=\"elementor-container elementor-column-gap-default\">\n\t\t\t\t\t<div class=\"elementor-column elementor-col-100 elementor-top-column elementor-element elementor-element-bd2d585\" data-id=\"bd2d585\" data-element_type=\"column\" data-e-type=\"column\">\n\t\t\t<div class=\"elementor-widget-wrap elementor-element-populated\">\n\t\t\t\t\t\t<div class=\"elementor-element elementor-element-5838d8d elementor-widget elementor-widget-heading\" data-id=\"5838d8d\" data-element_type=\"widget\" data-e-type=\"widget\" data-widget_type=\"heading.default\">\n\t\t\t\t<div class=\"elementor-widget-container\">\n\t\t\t\t\t<h2 class=\"elementor-heading-title elementor-size-default\">Asisten\u021ba medical\u0103<\/h2>\t\t\t\t<\/div>\n\t\t\t\t<\/div>\n\t\t\t\t\t<\/div>\n\t\t<\/div>\n\t\t\t\t\t<\/div>\n\t\t<\/section>\n\t\t\t\t<section class=\"elementor-section elementor-top-section elementor-element elementor-element-b39ec30 elementor-section-boxed elementor-section-height-default elementor-section-height-default\" data-id=\"b39ec30\" data-element_type=\"section\" data-e-type=\"section\">\n\t\t\t\t\t\t<div class=\"elementor-container elementor-column-gap-default\">\n\t\t\t\t\t<div class=\"elementor-column elementor-col-100 elementor-top-column elementor-element elementor-element-5def9d3\" data-id=\"5def9d3\" data-element_type=\"column\" data-e-type=\"column\">\n\t\t\t<div class=\"elementor-widget-wrap elementor-element-populated\">\n\t\t\t\t\t\t<div class=\"elementor-element elementor-element-d74e9cc elementor-widget elementor-widget-text-editor\" data-id=\"d74e9cc\" data-element_type=\"widget\" data-e-type=\"widget\" data-widget_type=\"text-editor.default\">\n\t\t\t\t<div class=\"elementor-widget-container\">\n\t\t\t\t\t\t\t\t\t<p>Asisten\u021ba medical\u0103 const\u0103 \u00een a ajuta persoanele care nu sunt capabile s\u0103 \u00ee\u0219i rezolve propria problem\u0103 de s\u0103n\u0103tate \u00een mod independent. <br \/>De asemenea, oferim informa\u021bii medicale persoanelor \u0219i grupurilor de copii.<\/p>\t\t\t\t\t\t\t\t<\/div>\n\t\t\t\t<\/div>\n\t\t\t\t\t<\/div>\n\t\t<\/div>\n\t\t\t\t\t<\/div>\n\t\t<\/section>\n\t\t\t\t<section class=\"elementor-section elementor-top-section elementor-element elementor-element-783c9df elementor-section-full_width elementor-section-stretched elementor-section-height-default elementor-section-height-default\" data-id=\"783c9df\" data-element_type=\"section\" data-e-type=\"section\" data-settings=\"{&quot;stretch_section&quot;:&quot;section-stretched&quot;}\">\n\t\t\t\t\t\t<div class=\"elementor-container elementor-column-gap-no\">\n\t\t\t\t\t<div class=\"elementor-column elementor-col-100 elementor-top-column elementor-element elementor-element-8dd3809\" data-id=\"8dd3809\" data-element_type=\"column\" data-e-type=\"column\">\n\t\t\t<div class=\"elementor-widget-wrap elementor-element-populated\">\n\t\t\t\t\t\t<div class=\"elementor-element elementor-element-5a8639d elementor-arrows-position-inside elementor-pagination-position-outside elementor-widget elementor-widget-image-carousel\" data-id=\"5a8639d\" data-element_type=\"widget\" data-e-type=\"widget\" data-settings=\"{&quot;slides_to_show&quot;:&quot;2&quot;,&quot;slides_to_scroll&quot;:&quot;1&quot;,&quot;navigation&quot;:&quot;both&quot;,&quot;autoplay&quot;:&quot;yes&quot;,&quot;pause_on_hover&quot;:&quot;yes&quot;,&quot;pause_on_interaction&quot;:&quot;yes&quot;,&quot;autoplay_speed&quot;:5000,&quot;infinite&quot;:&quot;yes&quot;,&quot;speed&quot;:500}\" data-widget_type=\"image-carousel.default\">\n\t\t\t\t<div class=\"elementor-widget-container\">\n\t\t\t\t\t\t\t<div class=\"elementor-image-carousel-wrapper swiper\" role=\"region\" aria-roledescription=\"carousel\" aria-label=\"Afbeelding carrousel\" dir=\"ltr\">\n\t\t\t<div class=\"elementor-image-carousel swiper-wrapper\" aria-live=\"off\">\n\t\t\t\t\t\t\t\t<div class=\"swiper-slide\" role=\"group\" aria-roledescription=\"slide\" aria-label=\"1 van 5\"><figure class=\"swiper-slide-inner\"><img decoding=\"async\" class=\"swiper-slide-image\" src=\"https:\/\/laleaua.nl\/cmccr\/wp-content\/uploads\/2020\/10\/9E90AB82-0818-4556-B775-153D20ABDAC7-scaled.jpg\" alt=\"Processed with VSCO with c1 preset\" \/><\/figure><\/div><div class=\"swiper-slide\" role=\"group\" aria-roledescription=\"slide\" aria-label=\"2 van 5\"><figure class=\"swiper-slide-inner\"><img decoding=\"async\" class=\"swiper-slide-image\" src=\"https:\/\/laleaua.nl\/cmccr\/wp-content\/uploads\/2020\/10\/DF13199C-D5D0-4E84-9D50-EC2B6DAA42CC-scaled.jpg\" alt=\"Processed with VSCO with c1 preset\" \/><\/figure><\/div><div class=\"swiper-slide\" role=\"group\" aria-roledescription=\"slide\" aria-label=\"3 van 5\"><figure class=\"swiper-slide-inner\"><img decoding=\"async\" class=\"swiper-slide-image\" src=\"https:\/\/laleaua.nl\/cmccr\/wp-content\/uploads\/2020\/10\/9286D2DC-B14B-49EE-9D9C-224D33FD90D3-scaled.jpg\" alt=\"Processed with VSCO with c1 preset\" \/><\/figure><\/div><div class=\"swiper-slide\" role=\"group\" aria-roledescription=\"slide\" aria-label=\"4 van 5\"><figure class=\"swiper-slide-inner\"><img decoding=\"async\" class=\"swiper-slide-image\" src=\"https:\/\/laleaua.nl\/cmccr\/wp-content\/uploads\/2020\/10\/938E2050-6AE5-4BF1-A736-3BB7FC63771F-scaled.jpg\" alt=\"Processed with VSCO with c1 preset\" \/><\/figure><\/div><div class=\"swiper-slide\" role=\"group\" aria-roledescription=\"slide\" aria-label=\"5 van 5\"><figure class=\"swiper-slide-inner\"><img decoding=\"async\" class=\"swiper-slide-image\" src=\"https:\/\/laleaua.nl\/cmccr\/wp-content\/uploads\/2020\/10\/398CA145-CB32-4FF7-AEDA-FAD55ECF2201-scaled.jpg\" alt=\"398CA145-CB32-4FF7-AEDA-FAD55ECF2201\" \/><\/figure><\/div>\t\t\t<\/div>\n\t\t\t\t\t\t\t\t\t\t\t\t<div class=\"elementor-swiper-button elementor-swiper-button-prev\" role=\"button\" tabindex=\"0\">\n\t\t\t\t\t\t<i aria-hidden=\"true\" class=\"eicon-chevron-left\"><\/i>\t\t\t\t\t<\/div>\n\t\t\t\t\t<div class=\"elementor-swiper-button elementor-swiper-button-next\" role=\"button\" tabindex=\"0\">\n\t\t\t\t\t\t<i aria-hidden=\"true\" class=\"eicon-chevron-right\"><\/i>\t\t\t\t\t<\/div>\n\t\t\t\t\n\t\t\t\t\t\t\t\t\t<div class=\"swiper-pagination\"><\/div>\n\t\t\t\t\t\t\t\t\t<\/div>\n\t\t\t\t\t\t<\/div>\n\t\t\t\t<\/div>\n\t\t\t\t\t<\/div>\n\t\t<\/div>\n\t\t\t\t\t<\/div>\n\t\t<\/section>\n\t\t\t\t<section class=\"elementor-section elementor-top-section elementor-element elementor-element-377aa93 elementor-section-boxed elementor-section-height-default elementor-section-height-default\" data-id=\"377aa93\" data-element_type=\"section\" data-e-type=\"section\">\n\t\t\t\t\t\t<div class=\"elementor-container elementor-column-gap-default\">\n\t\t\t\t\t<div class=\"elementor-column elementor-col-50 elementor-top-column elementor-element elementor-element-a1623a1\" data-id=\"a1623a1\" data-element_type=\"column\" data-e-type=\"column\">\n\t\t\t<div class=\"elementor-widget-wrap elementor-element-populated\">\n\t\t\t\t\t\t<div class=\"elementor-element elementor-element-48a4084 elementor-widget elementor-widget-heading\" data-id=\"48a4084\" data-element_type=\"widget\" data-e-type=\"widget\" data-widget_type=\"heading.default\">\n\t\t\t\t<div class=\"elementor-widget-container\">\n\t\t\t\t\t<h2 class=\"elementor-heading-title elementor-size-default\">Scopul<\/h2>\t\t\t\t<\/div>\n\t\t\t\t<\/div>\n\t\t\t\t<div class=\"elementor-element elementor-element-e7f10c5 elementor-widget elementor-widget-text-editor\" data-id=\"e7f10c5\" data-element_type=\"widget\" data-e-type=\"widget\" data-widget_type=\"text-editor.default\">\n\t\t\t\t<div class=\"elementor-widget-container\">\n\t\t\t\t\t\t\t\t\t<p>Scopul asisten\u021bei medicale este de a ajuta romii care nu \u00ee\u0219i pot rezolva singuri problema de s\u0103n\u0103tate \u0219i pentru a transfera cuno\u0219tin\u021be medicale. \u00cen primul r\u00e2nd, ne uit\u0103m la modul \u00een care cineva poate fi ajutat, astfel \u00eenc\u00e2t el sau ea s\u0103 poat\u0103 rezolva problema \u00een mod independent.<\/p><p>Totu\u0219i, uneori sunt cazuri (urgente) \u00een care oferim ajutor, pentru a nu se ajunge in situa\u021bii critice,sau chiar deces.<\/p><p>\u00cen plus, educa\u021bia medical\u0103 este oferit\u0103 at\u00e2t persoanelor fizice, c\u00e2t \u0219i grupurilor de copii. Sper\u0103m c\u0103 aceste informa\u021bii vor preveni problemele de s\u0103n\u0103tate \u00een viitor.<br \/><br \/>\u00cen ultimii ani am observat c\u0103 mul\u021bi oameni accept\u0103 sfaturi, a\u0219a c\u0103 \u00eenceteaz\u0103 s\u0103 cear\u0103 ajutor.<br \/><br \/>De exemplu, majoritatea oamenilor au aflat c\u0103 o re\u021bet\u0103 de la spital este scump\u0103. Dac\u0103, \u00een schimb, merg cu re\u021beta la medicul de familie, vor primi o nou\u0103 re\u021bet\u0103 pentru a nu\u00a0 mai fi nevoi\u021bi s\u0103 pl\u0103teasc\u0103 (aproape) nimic.<br \/><br \/>De asemenea, ajut\u0103m cu transportul la tratamente \u0219i cu plata acestora (c\u00e2nd este cazul).<\/p>\t\t\t\t\t\t\t\t<\/div>\n\t\t\t\t<\/div>\n\t\t\t\t\t<\/div>\n\t\t<\/div>\n\t\t\t\t<div class=\"elementor-column elementor-col-50 elementor-top-column elementor-element elementor-element-8ac7223\" data-id=\"8ac7223\" data-element_type=\"column\" data-e-type=\"column\">\n\t\t\t<div class=\"elementor-widget-wrap\">\n\t\t\t\t\t\t\t<\/div>\n\t\t<\/div>\n\t\t\t\t\t<\/div>\n\t\t<\/section>\n\t\t\t\t<section class=\"elementor-section elementor-top-section elementor-element elementor-element-ae62d6a elementor-section-boxed elementor-section-height-default elementor-section-height-default\" data-id=\"ae62d6a\" data-element_type=\"section\" data-e-type=\"section\">\n\t\t\t\t\t\t<div class=\"elementor-container elementor-column-gap-default\">\n\t\t\t\t\t<div class=\"elementor-column elementor-col-50 elementor-top-column elementor-element elementor-element-87faed4\" data-id=\"87faed4\" data-element_type=\"column\" data-e-type=\"column\">\n\t\t\t<div class=\"elementor-widget-wrap\">\n\t\t\t\t\t\t\t<\/div>\n\t\t<\/div>\n\t\t\t\t<div class=\"elementor-column elementor-col-50 elementor-top-column elementor-element elementor-element-affb52c\" data-id=\"affb52c\" data-element_type=\"column\" data-e-type=\"column\">\n\t\t\t<div class=\"elementor-widget-wrap elementor-element-populated\">\n\t\t\t\t\t\t<div class=\"elementor-element elementor-element-7107489 elementor-widget elementor-widget-heading\" data-id=\"7107489\" data-element_type=\"widget\" data-e-type=\"widget\" data-widget_type=\"heading.default\">\n\t\t\t\t<div class=\"elementor-widget-container\">\n\t\t\t\t\t<h2 class=\"elementor-heading-title elementor-size-default\">\u00cenceputul<\/h2>\t\t\t\t<\/div>\n\t\t\t\t<\/div>\n\t\t\t\t<div class=\"elementor-element elementor-element-2047559 elementor-widget elementor-widget-text-editor\" data-id=\"2047559\" data-element_type=\"widget\" data-e-type=\"widget\" data-widget_type=\"text-editor.default\">\n\t\t\t\t<div class=\"elementor-widget-container\">\n\t\t\t\t\t\t\t\t\t<p>Pe m\u0103sur\u0103 ce munca cu romii a devenit mai intens\u0103, au venit tot mai multe cereri de asisten\u021b\u0103 medical\u0103. \u00cen 2011, a\u0219adar, a fost \u00eenceput\u0103 asisten\u021ba medical\u0103. De atunci oamenii \u0219tiu s\u0103-\u0219i g\u0103seasc\u0103 drumul c\u0103tre asisten\u021b\u0103 medical\u0103 \u0219i \u00eempreun\u0103 cu ei g\u0103sim o solu\u021bie la problemele lor de s\u0103n\u0103tate.<\/p>\t\t\t\t\t\t\t\t<\/div>\n\t\t\t\t<\/div>\n\t\t\t\t\t<\/div>\n\t\t<\/div>\n\t\t\t\t\t<\/div>\n\t\t<\/section>\n\t\t\t\t<section class=\"elementor-section elementor-top-section elementor-element elementor-element-e3da437 elementor-section-boxed elementor-section-height-default elementor-section-height-default\" data-id=\"e3da437\" data-element_type=\"section\" data-e-type=\"section\">\n\t\t\t\t\t\t<div class=\"elementor-container elementor-column-gap-default\">\n\t\t\t\t\t<div class=\"elementor-column elementor-col-50 elementor-top-column elementor-element elementor-element-a0d66d2\" data-id=\"a0d66d2\" data-element_type=\"column\" data-e-type=\"column\">\n\t\t\t<div class=\"elementor-widget-wrap elementor-element-populated\">\n\t\t\t\t\t\t<div class=\"elementor-element elementor-element-a4ca4e8 elementor-widget elementor-widget-heading\" data-id=\"a4ca4e8\" data-element_type=\"widget\" data-e-type=\"widget\" data-widget_type=\"heading.default\">\n\t\t\t\t<div class=\"elementor-widget-container\">\n\t\t\t\t\t<h2 class=\"elementor-heading-title elementor-size-default\">Cum arat\u0103 programul?<\/h2>\t\t\t\t<\/div>\n\t\t\t\t<\/div>\n\t\t\t\t<div class=\"elementor-element elementor-element-e92a192 elementor-widget elementor-widget-text-editor\" data-id=\"e92a192\" data-element_type=\"widget\" data-e-type=\"widget\" data-widget_type=\"text-editor.default\">\n\t\t\t\t<div class=\"elementor-widget-container\">\n\t\t\t\t\t\t\t\t\t<p>\u00cen general, \u00eentreb\u0103rile apar \u00een timpul celor trei momente s\u0103pt\u0103m\u00e2nale de contact. Aceste \u00eentreb\u0103ri sunt foarte diverse. Oamenii vin cu o re\u021bet\u0103 pe care nu \u0219i-o permit sau au nevoie de ajutoare medicale, cum ar fi ochelari. Uneori nu \u0219tiu unde s\u0103 mearg\u0103 sau au fost \u00eendruma\u021bi la specialist \u0219i se tem c\u0103 nu se vor \u00een\u021belege.<br \/><br \/>Se face un plan personal pe caz, care se uit\u0103 la ce poate face persoana, care este motiva\u021bia sa \u0219i \u00een ce m\u0103sur\u0103 aceasta este implicat\u0103 \u00een celelalte programe ale Laleaua.<br \/><br \/>Pentru c\u0103 cererile de ajutor sunt foarte diverse, ac\u021biunile care se \u00eentreprind \u0219i sunt si ele diverse.<\/p><p>Este posibil ca cineva s\u0103 fie deja ajutat cu un sfat sau informa\u021bii.<\/p><p>\u00cendrum\u0103m oamenii \u00een spital \u0219i mediem \u00eentre furnizorul de \u00eengrijire \u0219i pacient, ajut\u0103m la solicitarea unei indemniza\u021bii de boal\u0103 sau antren\u0103m o persoan\u0103 \u00een timpul unui proces medical intensiv.<\/p>\t\t\t\t\t\t\t\t<\/div>\n\t\t\t\t<\/div>\n\t\t\t\t\t<\/div>\n\t\t<\/div>\n\t\t\t\t<div class=\"elementor-column elementor-col-50 elementor-top-column elementor-element elementor-element-4b0bf85\" data-id=\"4b0bf85\" data-element_type=\"column\" data-e-type=\"column\">\n\t\t\t<div class=\"elementor-widget-wrap elementor-element-populated\">\n\t\t\t\t\t\t<div class=\"elementor-element elementor-element-fe63f62 elementor-widget elementor-widget-spacer\" data-id=\"fe63f62\" data-element_type=\"widget\" data-e-type=\"widget\" data-widget_type=\"spacer.default\">\n\t\t\t\t<div class=\"elementor-widget-container\">\n\t\t\t\t\t\t\t<div class=\"elementor-spacer\">\n\t\t\t<div class=\"elementor-spacer-inner\"><\/div>\n\t\t<\/div>\n\t\t\t\t\t\t<\/div>\n\t\t\t\t<\/div>\n\t\t\t\t<div class=\"elementor-element elementor-element-c922f89 elementor-widget elementor-widget-image\" data-id=\"c922f89\" data-element_type=\"widget\" data-e-type=\"widget\" data-widget_type=\"image.default\">\n\t\t\t\t<div class=\"elementor-widget-container\">\n\t\t\t\t\t\t\t\t\t\t\t\t\t\t\t<img fetchpriority=\"high\" decoding=\"async\" width=\"768\" height=\"634\" src=\"https:\/\/laleaua.nl\/cmccr\/wp-content\/uploads\/2020\/09\/5-2-e1601476961184-768x634.png\" class=\"attachment-medium_large size-medium_large wp-image-2133\" alt=\"\" srcset=\"https:\/\/laleaua.nl\/cmccr\/wp-content\/uploads\/2020\/09\/5-2-e1601476961184-768x634.png 768w, https:\/\/laleaua.nl\/cmccr\/wp-content\/uploads\/2020\/09\/5-2-e1601476961184-300x248.png 300w, https:\/\/laleaua.nl\/cmccr\/wp-content\/uploads\/2020\/09\/5-2-e1601476961184-1024x845.png 1024w, https:\/\/laleaua.nl\/cmccr\/wp-content\/uploads\/2020\/09\/5-2-e1601476961184-600x495.png 600w, https:\/\/laleaua.nl\/cmccr\/wp-content\/uploads\/2020\/09\/5-2-e1601476961184.png 1080w\" sizes=\"(max-width: 768px) 100vw, 768px\" \/>\t\t\t\t\t\t\t\t\t\t\t\t\t\t\t<\/div>\n\t\t\t\t<\/div>\n\t\t\t\t\t<\/div>\n\t\t<\/div>\n\t\t\t\t\t<\/div>\n\t\t<\/section>\n\t\t\t\t<\/div>\n\t\t","protected":false},"excerpt":{"rendered":"<p>Asisten\u021ba medical\u0103 Asisten\u021ba medical\u0103 const\u0103 \u00een a ajuta persoanele care nu sunt capabile s\u0103 \u00ee\u0219i rezolve propria problem\u0103 de s\u0103n\u0103tate \u00een mod independent. De asemenea, oferim informa\u021bii medicale persoanelor \u0219i grupurilor de copii. Scopul Scopul asisten\u021bei medicale este de a ajuta romii care nu \u00ee\u0219i pot rezolva singuri problema de s\u0103n\u0103tate \u0219i pentru a transfera [&hellip;]<\/p>\n","protected":false},"author":1,"featured_media":0,"parent":0,"menu_order":0,"comment_status":"closed","ping_status":"closed","template":"elementor_header_footer","meta":{"footnotes":""},"class_list":["post-1649","page","type-page","status-publish","hentry"],"_links":{"self":[{"href":"https:\/\/laleaua.nl\/cmccr\/wp-json\/wp\/v2\/pages\/1649","targetHints":{"allow":["GET"]}}],"collection":[{"href":"https:\/\/laleaua.nl\/cmccr\/wp-json\/wp\/v2\/pages"}],"about":[{"href":"https:\/\/laleaua.nl\/cmccr\/wp-json\/wp\/v2\/types\/page"}],"author":[{"embeddable":true,"href":"https:\/\/laleaua.nl\/cmccr\/wp-json\/wp\/v2\/users\/1"}],"replies":[{"embeddable":true,"href":"https:\/\/laleaua.nl\/cmccr\/wp-json\/wp\/v2\/comments?post=1649"}],"version-history":[{"count":89,"href":"https:\/\/laleaua.nl\/cmccr\/wp-json\/wp\/v2\/pages\/1649\/revisions"}],"predecessor-version":[{"id":3188,"href":"https:\/\/laleaua.nl\/cmccr\/wp-json\/wp\/v2\/pages\/1649\/revisions\/3188"}],"wp:attachment":[{"href":"https:\/\/laleaua.nl\/cmccr\/wp-json\/wp\/v2\/media?parent=1649"}],"curies":[{"name":"wp","href":"https:\/\/api.w.org\/{rel}","templated":true}]}}